 w.
14
Let g = -124 + 278. Calculate the highest common divisor of 14 and g.
14
Let h(y) = y**3 - 10*y**2 + 3*y - 13. Let u be h(10). What is the greatest common factor of 187 and u?
17
Suppose -5*r + 8*r - 90 = 0. What is the greatest common divisor of 135 and r?
15
Let t(g) = -g**2 - 5*g + 2. Let f be t(-5). Let s be ((-5)/3)/(f/(-12)). Calculate the highest common factor of 4 and s.
2
Let o = 40 + -92. Let u be -3 - ((-1 - -2) + o). Suppose -9 = -n + 3. What is the greatest common divisor of n and u?
12
Suppose -k + 11 = -3. Suppose 12 = 5*q - 3*q + 3*a, 2*q - 3*a = -12. Suppose u - k = -q*u. What is the greatest common factor of 35 and u?
7
Suppose 0 = 5*i - 33 - 2. Let v(x) = x + 13. Let p be v(-6). What is the highest common divisor of i and p?
7
Suppose 154 = 15*y - 4*y. Calculate the greatest common factor of y and 42.
14
Suppose 11*y - 39 - 49 = 0. What is the greatest common factor of y and 20?
4
Let i be 36 + -3*2/3. Suppose 4*g + 17 + 21 = 5*m, -4*m + 5*g = -i. Suppose -2*p - 264 = -m*p. What is the greatest common divisor of p and 6?
6
Let s be 18*(0 + (-7)/(-3)). Let n = 129 - 74. Suppose -z - z = -v - n, 5 = 5*v. Calculate the highest common factor of z and s.
14
Suppose 5*y + 0*y = 15. Suppose 0 = -5*k + y*k + 22. Calculate the greatest common divisor of k and 11.
11
Let z be (-1446)/(-54) - 7 - (-4)/18. Calculate the highest common divisor of 340 and z.
20
Suppose -c = -3*c + 12. Let x be ((-22)/(-3))/(c/9). What is the greatest common divisor of x and 11?
11
Let j = -131 + 219. What is the highest common factor of 11 and j?
11
Suppose 0 = -3*b - 5*g + 2*g + 255, -5*g - 279 = -3*b. Let c(s) = -2*s**2 - 18*s - 28. Let r be c(-6). What is the greatest common divisor of b and r?
8
Let p be (0 - -9)/((-6)/(-24)). Let x = -21 + p. What is the greatest common factor of 15 and x?
15
Let v = -13 - -31. Suppose 3*z + 2 = 11. Let n be (-3)/(6/(-4))*z. What is the highest common factor of n and v?
6
Suppose 5*r - 4*n = -18 + 246, -2*r + 102 = 2*n. Suppose -3*q + 9 = 2*k, 4*k = -q + 6*q + 29. Calculate the greatest common factor of r and k.
6
Let p(r) = -3*r + 4. Let q(m) = 5*m - 9. Let b(o) = -7*p(o) - 4*q(o). Let v be b(8). Calculate the highest common factor of 128 and v.
16
Let f(q) = -q**3 + 11*q**2 + 4*q + 2. Let b be f(11). Let y = -28 + b. Calculate the greatest common divisor of y and 27.
9
Suppose -6 = 3*i, 0 = v - 6*i + 2*i - 10. Let l be (7 + v)*7*1. Calculate the greatest common divisor of 7 and l.
7
Suppose -4*g - 3*g = -154. What is the highest common divisor of 2 and g?
2
Suppose 5*c + 56 = 186. Let h = c - 8. Let d(r) = -r**3 + 4*r**2 - 2*r - 1. Let m be d(2). What is the highest common factor of h and m?
3
Let f be ((-26)/6)/(4/(-12)). Let v(h) = 2*h**3 + 10 - 6*h + f*h - 6*h**2 - 3*h**3. Let b be v(-7). Calculate the greatest common factor of b and 30.
10
Suppose -3*m - 18 = -12. Let i = 5 + m. Suppose -4*k = k - 15. Calculate the greatest common factor of k and i.
3
Let p(k) = -k**3 + 9*k**2 + 9*k + 7. Let x be p(10). Let y be 16/(-12)*(x + 0). What is the greatest common divisor of 28 and y?
4
Suppose 6*q = 10*q - 120. Calculate the highest common factor of 20 and q.
10
Let n(g) = g**3 - 11*g**2 + 11*g + 7. Let h be n(10). Suppose 5*j - 7*j = -102. Calculate the highest common factor of h and j.
17
Let j(w) = -3*w**3 - w**2 + w + 1. Let l be j(-2). Let f(u) = 6*u - 59. Let a be f(13). Calculate the highest common factor of a and l.
19
Let a = 50 + -79. Let p = a + 50. Let w(o) = o**3 + 5*o**2 - 2*o + 4. Let u be w(-5). Calculate the highest common divisor of p and u.
7
Let x be (1 - 0)*(-6 - -7). Let g = 6 + x. Calculate the highest common divisor of g and 35.
7
Suppose -3*f + g = -20, 3*g + 35 = 5*f + g. What is the greatest common divisor of f and 35?
5
Suppose -18 = m - 5*q, 2 = 2*m + 5*q - 7. Let u be 2 + (m - 1) + 27. Let a be (-13461)/(-49) + (-2)/(-7). What is the highest common divisor of u and a?
25
Let h(n) = n**3 + 6*n**2 + n. Let b be h(-3). What is the greatest common divisor of 96 and b?
24
Let u(s) = s**2 + 5*s. Let d be u(-4). Let c be (30/d - 2)*-2. Calculate the highest common factor of c and 76.
19
Suppose 0 = -14*f - 102 + 466. Calculate the highest common factor of 78 and f.
26
Let z(i) = -i**2 - 7*i - 4. Let r be z(-4). Let m be (-1)/5 + (-112)/(-35). Let o be 7 + (3 + 0)/m. What is the highest common divisor of r and o?
8
Let o(m) = 3*m**2 - 2*m - 6. Let z be o(8). Calculate the highest common divisor of z and 34.
34
Let i(v) = 7*v + 12. Let y be i(9). Suppose 2*k - y = -4*z - 3*k, -3 = 3*k. Calculate the greatest common factor of z and 8.
4
Let f(h) = 7*h**2 + h. Let q be f(1). Let v(b) = -b**2 + 10*b - 1. Let j be v(q). Let i be (2 + -4)/(2/(-3)). Calculate the highest common divisor of i and j.
3
Let q(r) = -r**3 + 14*r**2 - 11*r + 12. Let c be q(6). Calculate the highest common factor of c and 26.
26
Let y = -7 + 10. Suppose q - 8 = -y*q. Suppose 105 = q*i + i. Calculate the highest common factor of i and 5.
5
Let l(a) = -3*a**3 - 2*a**2 - 3*a - 2. Let h be l(-4). Suppose -4*n + 68 = -0*n. Calculate the highest common divisor of h and n.
17
Suppose 0 = -0*p + 4*p + 5*o, 2*o = 0. Let l = p + 4. Suppose 2 = j - l. What is the greatest common factor of 24 and j?
6
Let g(m) = m + 2. Suppose 45 = 5*u + 15. Let o be g(u). Let w(d) = d**2 + 5*d - 16. Let b be w(-8). What is the greatest common factor of o and b?
8
Let w be (-9605)/(-119) + (-4)/(-14). Calculate the greatest common divisor of w and 9.
9
Suppose c = -0*c + 85. Suppose -23 = -l + i + 2*i, i + 19 = l. What is the greatest common factor of c and l?
17
Let v(h) = 3*h - 2. Let p be v(2). Let b be (576/3)/p - -3. Suppose 0 = -3*z + 31 + 20. Calculate the highest common divisor of b and z.
17
Let q be (-3 - (-60)/18)*3. What is the highest common divisor of 7 and q?
1
Let a(q) = 0*q - 4*q + 3*q + 4*q - 5. Let f be a(2). Calculate the highest common divisor of 7 and f.
1
Suppose 3*y = -5*n + 3, -n + y + 7 = -0*n. Suppose -n*g + 4*g = 5. Suppose 4*v + 29 = 189. Calculate the highest common divisor of g and v.
5
Let w be (2 + 1)/(4/12). Calculate the greatest common factor of w and 99.
9
Let m = 13 - -2. Let t be (-1585)/(-15) + (-4)/6. Calculate the highest common divisor of m and t.
15
Let t = 1 - 3. Let z be 1 - (3 + t) - 0. Suppose 3*p - p - 8 = z. Calculate the greatest common divisor of 4 and p.
4
Let u(f) = -f**2 + 15*f + 4. Let c be u(7). Let r be (7 + -12 + -3)/(2/(-3)). Calculate the highest common factor of c and r.
12
Let k = -112 + 157. Let u(n) = -2*n - 7. Let a be 54/(-8) - 3/(-4). Let b be u(a). Calculate the greatest common divisor of k and b.
5
Suppose m = 5 + 1. Let t(q) = -q - 4. Let y be t(-8). Suppose 66 = 3*f - y*a - 94, -5*a - 164 = -3*f. What is the highest common factor of f and m?
6
Suppose k - 4*x = 5, -k = -5*k - x + 3. What is the greatest common factor of 1 and k?
1
Suppose z = 3*z - 6. Suppose z*c + 2 = 23. What is the highest common factor of c and 7?
7
Suppose 0 = 4*u + 2 - 30. Suppose 2*f = u*f - 70. Calculate the greatest common factor of f and 7.
7
Let y be 1 - (2 + -1 - 2). Suppose x - 45 = -y*x. What is the highest common factor of 75 and x?
15
Let q be (-4)/18 + (-1896)/(-27) - 0. Calculate the greatest common divisor of q and 10.
10
Let m be (-4)/((-32)/(-12))*-26. Suppose 3*r - m = -3*g, 3*g - 3*r = -0*r + 15. Calculate the highest common factor of g and 18.
9
Let b = 63 + -52. What is the highest common factor of 11 and b?
11
Let d(t) = 37*t - 11. Let p be d(3). Suppose -186 = -4*k - 26. What is the greatest common factor of k and p?
20
Let l(u) = 3*u**2 + 2*u - 4. Let r be l(2). What is the highest common factor of 84 and r?
12
Suppose p + 213 - 71 = 0. Let x be (-1)/(2/p) + -1. Let c be (12/10)/((-6)/(-140)). Calculate the greatest common divisor of x and c.
14
Let c(p) = -p + 1. Let m be c(2). Let f be (5 + m)*98/4. What is the highest common factor of 14 and f?
14
Let j be (-4)/(-2)*(-3 - -10 - -3). What is the greatest common divisor of j and 8?
4
Suppose m + 2*m = 117. Let a(v) = 25*v + 1. Let w be a(1). Calculate the greatest common divisor of w and m.
13
Let a(k) = 4*k - 60. Let v be a(21). What is the greatest common divisor of v and 6?
6
Suppose 4*n = 5*m + 36, -4*m - 32 = 4*n - 8*n. Su